at is the tens digit of 67765424?
2
What is the units digit of 63125380?
0
What is the units digit of 616088982?
2
What is the millions digit of 27945250?
7
What is the units digit of 2086233043?
3
What is the tens digit of 55820827?
2
What is the units digit of 20596905?
5
What is the ten millions digit of 388876102?
8
What is the hundred millions digit of 247454297?
2
What is the tens digit of 1237225746?
4
What is the tens digit of 37279925?
2
What is the thousands digit of 757052105?
2
What is the ten millions digit of 22264929?
2
What is the ten thousands digit of 13339820?
3
What is the units digit of 1245402207?
7
What is the millions digit of 58849412?
8
What is the hundred thousands digit of 55722223?
7
What is the thousands digit of 310648821?
8
What is the tens digit of 1325043319?
1
What is the tens digit of 1327828502?
0
What is the units digit of 6899239488?
8
What is the ten thousands digit of 24860771?
6
What is the tens digit of 5703568785?
8
What is the hundred thousands digit of 1628975?
6
What is the hundred thousands digit of 49746384?
7
What is the hundreds digit of 1642488326?
3
What is the hundred millions digit of 5456296265?
4
What is the tens digit of 2512962618?
1
What is the millions digit of 347127965?
7
What is the hundred millions digit of 2412472740?
4
What is the ten thousands digit of 53973321?
7
What is the ten millions digit of 10308855?
1
What is the millions digit of 4480499907?
0
What is the thousands digit of 535690651?
0
What is the ten thousands digit of 129899826?
9
What is the thousands digit of 26121636?
1
What is the units digit of 250725831?
1
What is the thousands digit of 51474662?
4
What is the millions digit of 722108225?
2
What is the ten millions digit of 126887594?
2
What is the units digit of 2282598?
8
What is the ten millions digit of 200059105?
0
What is the millions digit of 290077328?
0
What is the millions digit of 870524761?
0
What is the ten thousands digit of 4914719889?
1
What is the millions digit of 216403661?
6
What is the hundreds digit of 91739760?
7
What is the hundreds digit of 3258024320?
3
What is the hundred thousands digit of 18709030?
7
What is the hundred thousands digit of 1117173017?
1
What is the hundreds digit of 14529587?
5
What is the millions digit of 1514202817?
4
What is the ten thousands digit of 817319546?
1
What is the hundred millions digit of 3885950631?
8
What is the thousands digit of 535554032?
4
What is the ten thousands digit of 102777874?
7
What is the thousands digit of 34292116?
2
What is the ten millions digit of 293235522?
9
What is the tens digit of 243157551?
5
What is the units digit of 394731319?
9
What is the millions digit of 127862201?
7
What is the units digit of 38879825?
5
What is the ten millions digit of 43095060?
4
What is the millions digit of 6931655369?
1
What is the hundred thousands digit of 10645103?
6
What is the millions digit of 2448987018?
8
What is the ten millions digit of 3232483544?
3
What is the hundreds digit of 1881111985?
9
What is the millions digit of 758318310?
8
What is the thousands digit of 147666933?
6
What is the hundred thousands digit of 180959641?
9
What is the hundred thousands digit of 542640152?
6
What is the ten millions digit of 131600583?
3
What is the thousands digit of 595274838?
4
What is the hundred thousands digit of 47597083?
5
What is the ten millions digit of 45004906?
4
What is the millions digit of 80449658?
0
What is the units digit of 2985982087?
7
What is the tens digit of 321003444?
4
What is the tens digit of 2893998425?
2
What is the hundreds digit of 521234875?
8
What is the ten thousands digit of 5985762347?
6
What is the millions digit of 3883650298?
3
What is the hundred millions digit of 189356806?
1
What is the ten thousands digit of 134987050?
8
What is the hundreds digit of 21581836?
8
What is the billions digit of 3055227822?
3
What is the units digit of 1464940849?
9
What is the hundred millions digit of 101954718?
1
What is the thousands digit of 428489678?
9
What is the tens digit of 426495244?
4
What is the hundred thousands digit of 73665683?
6
What is the thousands digit of 394939184?
9
What is the hundred thousands digit of 824058774?
0
What is the hundred thousands digit of 251999347?
9
What is the hundreds digit of 195035730?
7
What is the hundred thousands digit of 481072600?
0
What is the ten thousands digit of 3688075392?
7
What is the hundred thousands digit of 75637524?
6
What is the ten millions digit of 564991863?
6
What is the hundred thousands digit of 1915711479?
7
What is the millions digit of 70703124?
0
What is the tens digit of 90399681?
8
What is the thousands digit of 201552106?
2
What is the hundreds digit of 3510482325?
3
What is the hundred thousands digit of 840389012?
3
What is the thousands digit of 1251500273?
0
What is the hundreds digit of 118048643?
6
What is the thousands digit of 14208737?
8
What is the tens digit of 381655279?
7
What is the thousands digit of 198700493?
0
What is the hundred thousands digit of 274332240?
3
What is the ten millions digit of 57253687?
5
What is the hundred thousands digit of 442495827?
4
What is the hundreds digit of 166960604?
6
What is the millions digit of 15624503?
5
What is the millions digit of 10017911?
0
What is the billions digit of 3659832887?
3
What is the units digit of 664455713?
3
What is the thousands digit of 75237902?
7
What is the hundred thousands digit of 844231830?
2
What is the thousands digit of 7799949?
9
What is the tens digit of 25245643?
4
What is the hundred thousands digit of 65021576?
0
What is the ten thousands digit of 891725?
9
What is the hundred thousands digit of 72065235?
0
What is the tens digit of 34726689?
8
What is the hundred millions digit of 2622587027?
6
What is the units digit of 2157317413?
3
What is the ten thousands digit of 20186200?
8
What is the hundred thousands digit of 1466460123?
4
What is the tens digit of 196787432?
3
What is the hundreds digit of 4259111904?
9
What is the units digit of 110273159?
9
What is the hundred thousands digit of 675772891?
7
What is the thousands digit of 274690346?
0
What is the tens digit of 66894866?
6
What is the hundred thousands digit of 2259977426?
9
What is the units digit of 50219470?
0
What is the millions digit of 174564054?
4
What is the ten thousands digit of 14876441?
7
What is the hundred thousands digit of 60245340?
2
What is the tens digit of 2401864172?
7
What is the millions digit of 23326844?
3
What is the ten thousands digit of 3121218305?
1
What is the tens digit of 107632831?
3
What is the hundred millions digit of 633902534?
6
What is the millions digit of 436905033?
6
What is the ten thousands digit of 566757094?
5
What is the hundred millions digit of 207883616?
2
What is the units digit of 3813441312?
2
What is the hundred thousands digit of 428874695?
8
What is the ten thousands digit of 47865931?
6
What is the hundred thousands digit of 819000435?
0
What is the ten thousands digit of 211580915?
8
What is the ten thousands digit of 545445424?
4
What is the tens digit of 50869851?
5
What is the hundreds digit of 15211726?
7
What is the units digit of 384507232?
2
What is the millions digit of 22797008?
2
What is the hundred millions digit of 1869506122?
8
What is the hundred thousands digit of 129452874?
4
What is the hundred thousands digit of 366664275?
6
What is the millions digit of 3655342585?
5
What is the tens digit of 275602729?
2
What is the ten thousands digit of 4538917?
3
What is the millions digit of 59889010?
9
What is the hundred thousands digit of 43881983?
8
What is the ten thousands digit of 946853242?
5
What is the hundreds digit of 2098889426?
4
What is the units digit of 68381633?
3
What is the ten millions digit of 3378010625?
7
What is the ten millions digit of 66148225?
6
What is the millions digit of 764801706?
4
What is the billions digit of 1707922495?
1
What is the units digit of 775687115?
5
What is the units digit of 3438455?
5
What is the hundred thousands digit of 278515043?
5
What is the hundreds digit of 7455461095?
0
What is the ten thousands digit of 27989607?
8
What is the thousands digit of 15389226?
9
What is the tens digit of 22176976?
7
What is th